of (-6)/10 - (-92)/b*18.
3, 5, 11
Suppose -5*n + 4*a = -89317 + 975, 4*a - 8 = 0. What are the prime factors of n?
2, 3, 5, 19, 31
Let i be -3*46*5/(-15). Let l = -44 + i. List the prime factors of (-121)/((-1 + (-2)/(-4))*l).
11
Suppose -5*h = 4*d - 30, 4*h - 26 = -5*d + 7. Let b(k) = 51*k - 15. List the prime factors of b(d).
2, 3, 5
Suppose -15070 = -4*y - 3*o, -2*y + 22*o + 7526 = 19*o. List the prime factors of y.
2, 7, 269
Let y = 1186 - 635. Let l = y + -146. List the prime factors of l.
3, 5
Suppose -t + 4*t = 6. Suppose t*v - 218 = -4*z, z + 0*v = v + 53. Suppose -21 = -b + z. List the prime factors of b.
3, 5
Let h(f) = 11*f + 2. Let c be h(5). Suppose 104 = 3*n - 2*k, k + 78 = -5*n + 273. What are the prime factors of (122/3)/(n/c)?
61
Suppose -4*u + 594 + 558 = 0. Suppose z = -z + u. What are the prime factors of z?
2, 3
Suppose 0 = -5*z + 2*r + 2076 + 25795, -z + 4*r + 5585 = 0. List the prime factors of z.
5573
Suppose d + 13 = 3*n + 5*d, -4*d = -16. Let j be ((8/10)/n)/(6/45). List the prime factors of (0 + 5 + j)*-232.
2, 29
Suppose -4*z + 3*o = -1820, -o = 4*z - 3*o - 1824. Suppose -3*r = -2*u - z, -2*r + 284 = -0*u + 4*u. What are the prime factors of r?
2, 3, 5
Suppose 2*q - 3*o - 60518 - 67752 = 0, -4*q + 4*o = -256524. What are the prime factors of q?
64123
Suppose 31806 - 1444518 = -84*r. What are the prime factors of r?
2, 3, 2803
Suppose -5*o = 40, -52*g = -57*g + o + 220868. List the prime factors of g.
2, 3, 409
Let f(w) = -320*w + 74. Let h be f(-3). Suppose 0 = s - 3*y - 1565, -7374 = -4*s - 4*y - h. List the prime factors of s.
2, 5, 79
Let g(l) = l**3 + 24*l + 11556. List the prime factors of g(0).
2, 3, 107
Let x = -43 - -51. Let h(a) = a**2 - 7*a - 12. Let d be h(x). What are the prime factors of ((-21)/15 + d/(-10))*-153?
3, 17
Let n = 237 + -228. Suppose -5*r = -5*p + 2385, 10*p - n*p - 476 = 2*r. List the prime factors of p.
2, 239
Let d = 96377 + -52761. List the prime factors of d.
2, 29, 47
What are the prime factors of 6052*(-21 + (-1445)/(-68))?
17, 89
Let p(v) = -v - 14. Let j be p(-16). Suppose -2*i + 28 = 4*z, -i = -2*z - 8 - j. Let w = -5 + i. What are the prime factors of w?
7
Let i be (-2)/(-12) + (-6 - (-877)/(-6)). Let l = i + 243. Suppose -l*j + 183 = -88*j. List the prime factors of j.
61
What are the prime factors of 39/(-9) + 5 + (-133)/63*-4143?
8747
Let t(y) be the third derivative of y**4/6 - 7*y**3/3 - 2*y**2. Let j be t(5). Suppose -j*h = 37 - 385. What are the prime factors of h?
2, 29
Let x = -31322 + 53794. What are the prime factors of x?
2, 53
Suppose 12 = h - 4*j, -2*j - 2 - 2 = 0. List the prime factors of (h*(-4)/6)/((-22)/3201).
2, 97
Let j(m) be the third derivative of -m**6/120 - m**4/6 + 13*m**3/3 - 31*m**2. Let q be j(0). Let t(c) = -c**2 + 29*c + 69. What are the prime factors of t(q)?
3, 7
Let p = 8 - -4. Suppose 4*t + 4*l - p = 0, -5*t + 0*t - 4*l = -14. Suppose -3*x = t*j - 246, -5*x + 112 = -4*j - 276. List the prime factors of x.
2, 5
Let y(u) = 92*u**3 + 52*u**2 - 194*u + 5. List the prime factors of y(4).
3, 661
Suppose 0 = l, -5*l - 1007 - 2341 = -3*d. Suppose 2583 + d = 9*m. What are the prime factors of m?
3, 137
Let p = 636 + -603. Let y(u) = 2*u**3 - 69*u**2 + 113*u + 27. What are the prime factors of y(p)?
3, 163
Let x(b) = 2*b**2 - 11*b + 343. List the prime factors of x(34).
2281
Suppose 0 = 5*y + 7*j - 123989, -24*y = -25*y + 5*j + 24849. List the prime factors of y.
24809
Let j(f) = 163*f - 251. Let b be j(2). Let q = -5 - -5. Let u = b + q. What are the prime factors of u?
3, 5
Let l(t) = -119*t**3 + 0*t**2 + 12 + t**2 + 3*t + 120*t**3. Let r be l(-5). Let g = r + 189. What are the prime factors of g?
2, 43
Let t(a) = -a**2 + 205*a + 386. List the prime factors of t(95).
2, 3, 7, 43
Suppose 0*l = 10*l + 10. Let t(v) = 149*v**3 - 2*v**2 + 1. Let m be t(l). Let i = m + 269. What are the prime factors of i?
7, 17
What are the prime factors of 2098 + (-56)/(-4) + -8?
2, 263
Let l = 3580 + 18753. What are the prime factors of l?
23, 971
Let u be (-1225)/(-294) - 1*2/12. Suppose -2*g + 2*c + 14 = u, g = -5*c + 5. Suppose -g*z + 254 + 53 = 4*x, -2*z + 79 = x. What are the prime factors of x?
73
Suppose 22986 = 3*b - 3*c, -c - 3 = 2. List the prime factors of b.
13, 19, 31
Suppose -11 = 6*p + 49. Let r be (-210)/28*8/p. Suppose r*i - 243 = -33. What are the prime factors of i?
5, 7
Let m(d) = 3*d**2 + 39*d - 81. Let o be m(2). Suppose 3*w - 2711 = -4*y, -o*y + 5*w = -5*y - 2735. What are the prime factors of y?
2, 5, 17
Suppose -10*t = -103 - 27. Suppose 4*u + 2403 = 3*d, -10*d - 2*u = -t*d + 2409. List the prime factors of d.
5, 7, 23
Let c = -53271 - -77105. What are the prime factors of c?
2, 17, 701
Let n(f) = -f**3 - 9*f**2 - 4*f + 6. Let i be n(-5). Let x = 26 - 34. Let k = x - i. List the prime factors of k.
2, 3, 11
Suppose 83 = -14*u + 15*u. Let d = -1 + u. Suppose 4*c + d = 326. List the prime factors of c.
61
Let w(m) = -7*m + 54. Let c be w(-12). Let v = 282 - c. What are the prime factors of v?
2, 3
Let p(d) = d**2 + d - 41. Let b be p(0). Let y = 33 + b. Let a = y + 14. List the prime factors of a.
2, 3
Suppose -17*b = 64412 - 209014. List the prime factors of b.
2, 4253
Suppose -62*l = -65*l + 3*v - 12, -8 = 2*l - v. List the prime factors of 94/47*(-1006)/l.
503
Suppose -5*p = -2*u - 695, 2*u = 6*u. Let b = 622 + p. List the prime factors of b.
761
Let l = -69 + 63. List the prime factors of (l/11)/(-3) - 10536/(-132).
2, 5
Let x(g) = 131*g**2 + 2*g + 1. Suppose -i + 3 = -2*u - 2*u, -9 = -3*i - u. Let b be 2 - 9/(-12)*(i - 7). What are the prime factors of x(b)?
2, 5, 13
Suppose -2*t + 14387 = -8*f + 13*f, -2*f + 10 = 0. List the prime factors of t.
43, 167
Let m = 274 - 273. What are the prime factors of (-18)/(-15) - m - 1649/(-5)?
2, 3, 5, 11
Let t(b) = -652*b - 682. List the prime factors of t(-12).
2, 3571
Let m(v) = 45*v + 207. Suppose -19 - 21 = -2*o + 3*f, -o + 3*f + 14 = 0. What are the prime factors of m(o)?
3, 17
Let i = 612 - -602. Let g be i/4 - 9/6. Suppose 3*r - 285 = 4*m + g, 4*r = 2*m + 766. List the prime factors of r.
3, 7
Let m be 36/162 - (0 - 86/18). Suppose -m*c + 7*y - 2*y + 20 = 0, 3*y = 4*c - 13. List the prime factors of (c - 305/15)*18/(-4).
3, 29
Let j(f) be the first derivative of -f**4/4 + 13*f**3/3 + 3*f**2 + 15*f + 136. List the prime factors of j(-6).
3, 13, 17
Suppose -297 + 49 = -31*k. List the prime factors of (52/k)/((-3)/(-138)).
13, 23
Let w = -284 - -299. Suppose 4240 = 3*c - 4*x, -w - 10 = -5*x. What are the prime factors of c?
2, 5, 71
Suppose 6*d = -7177 + 22076 + 7733. What are the prime factors of d?
2, 23, 41
Let h be 24/64*8*1034/3. Let f = -619 + h. List the prime factors of f.
5, 83
Let f(z) = -z**2 + 6*z - 6. Let y be f(4). Let i = -3 + y. List the prime factors of (((-249)/4)/i)/((-6)/(-16)).
2, 83
Suppose 0 = -2*c + 4*c - 5*p - 4156, 18549 = 9*c + 3*p. List the prime factors of c.
2063
Suppose 4*n = m + 23350, -2*n = -3*m - 5817 - 5863. List the prime factors of n.
13, 449
Let x(z) = 17*z**2 - 44*z - 294. What are the prime factors of x(-48)?
2, 3, 11, 23
Suppose -z + 10 = 6, 0 = -4*f + 5*z + 211628. What are the prime factors of f?
2, 3307
Let h(t) = -1048*t + 19. Let g(u) = u + 1. Let v(y) = -3*g(y) + h(y). Let f be v(9). What are the prime factors of f/(-38) + 1/2?
3, 83
Let c(n) = n**2 - 11. Let x be c(-4). Suppose 2*t + 21 = -3*a - 11, -45 = 5*a - x*t. List the prime factors of (68/a - -4)*-15.
2, 3, 7
Suppose -3*n - 103 = -2*n. Let d = n + 140. What are the prime factors of d?
37
Let g(m) = m**3 + 12*m**2 + 16*m + 16600. What are the prime factors of g(0)?
2, 5, 83
Let c(p) = -p**3 - 90*p**2 + 905*p + 164. What are the prime factors of c(-100)?
2, 151
Let q(n) = n**3 - 7*n**2 + 4*n + 9. Let z be q(6). Let v be z/(3 - 6)*-1. What are the prime factors of (v*37)/(-10 - -9)?
37
Let h be (-6)/(-5) - (-11)/(-55). Suppose 4*k + n = 13, -7*k + 4*k + n = -h. Suppose -v - p = -118, -k*p + 1 = -5. What are the prime factors of v?
5, 23
Let y be (-12)/(-54) - 136/(-36). Suppose -7 = -c - y. Suppose 4*b + 4*k - 1000 = 0, 0 = -7*b + 4*b + c*k + 744. What are the prime factors of b?
3, 83
Suppose -7 = -13*r + 6*r. Suppose -m - 11 = -5*h, 5*m - 4 = -4*h - r. Suppose -4*v - h*w = -4*w - 322, 407 = 5*v